mainder when 109648 is divided by 41.
14
What is the remainder when 43899 is divided by 4?
3
What is the remainder when 277054 is divided by 13?
11
Calculate the remainder when 14188 is divided by 110.
108
Calculate the remainder when 19579 is divided by 72.
67
Calculate the remainder when 459817 is divided by 217.
211
Calculate the remainder when 6556 is divided by 1148.
816
What is the remainder when 43432 is divided by 365?
362
What is the remainder when 37939 is divided by 1649?
12
What is the remainder when 221257 is divided by 1015?
1002
What is the remainder when 6847 is divided by 274?
271
Calculate the remainder when 2470 is divided by 534.
334
What is the remainder when 33430 is divided by 3343?
0
What is the remainder when 436053 is divided by 53?
22
Calculate the remainder when 4929 is divided by 145.
144
Calculate the remainder when 345372 is divided by 86343.
0
Calculate the remainder when 215675 is divided by 1892.
1879
Calculate the remainder when 3220 is divided by 201.
4
Calculate the remainder when 2339 is divided by 1161.
17
Calculate the remainder when 9044 is divided by 48.
20
Calculate the remainder when 373 is divided by 159.
55
Calculate the remainder when 7204 is divided by 7.
1
What is the remainder when 162748 is divided by 40687?
0
What is the remainder when 100895 is divided by 18?
5
Calculate the remainder when 1233 is divided by 25.
8
What is the remainder when 216977 is divided by 10?
7
What is the remainder when 375 is divided by 151?
73
What is the remainder when 55962 is divided by 488?
330
What is the remainder when 2183 is divided by 1086?
11
What is the remainder when 24514 is divided by 67?
59
What is the remainder when 32969 is divided by 38?
23
What is the remainder when 2320 is divided by 1154?
12
What is the remainder when 21568 is divided by 719?
717
Calculate the remainder when 16080 is divided by 2669.
66
Calculate the remainder when 6872 is divided by 326.
26
What is the remainder when 56962 is divided by 282?
280
Calculate the remainder when 19573 is divided by 135.
133
What is the remainder when 39541 is divided by 34?
33
What is the remainder when 1027 is divided by 503?
21
Calculate the remainder when 1103906 is divided by 52.
50
Calculate the remainder when 2274 is divided by 84.
6
Calculate the remainder when 6020 is divided by 184.
132
What is the remainder when 2126 is divided by 1028?
70
Calculate the remainder when 72969 is divided by 36.
33
Calculate the remainder when 7829 is divided by 7821.
8
Calculate the remainder when 464401 is divided by 58046.
33
Calculate the remainder when 3858 is divided by 449.
266
What is the remainder when 6289 is divided by 1238?
99
Calculate the remainder when 143714 is divided by 20530.
4
What is the remainder when 8933 is divided by 8922?
11
What is the remainder when 2267 is divided by 2218?
49
Calculate the remainder when 1774 is divided by 175.
24
What is the remainder when 10754 is divided by 993?
824
Calculate the remainder when 90719 is divided by 162.
161
Calculate the remainder when 23620 is divided by 12.
4
What is the remainder when 7930 is divided by 104?
26
Calculate the remainder when 130789 is divided by 43572.
73
Calculate the remainder when 6489 is divided by 224.
217
Calculate the remainder when 42823 is divided by 322.
319
Calculate the remainder when 128311 is divided by 885.
871
What is the remainder when 52008 is divided by 104?
8
Calculate the remainder when 27944 is divided by 27925.
19
What is the remainder when 5126 is divided by 1563?
437
What is the remainder when 2728 is divided by 148?
64
Calculate the remainder when 6720 is divided by 294.
252
Calculate the remainder when 150282 is divided by 496.
490
What is the remainder when 5078 is divided by 1673?
59
What is the remainder when 3873 is divided by 125?
123
Calculate the remainder when 220730 is divided by 55176.
26
Calculate the remainder when 7073 is divided by 95.
43
Calculate the remainder when 7789 is divided by 260.
249
What is the remainder when 94933 is divided by 286?
267
What is the remainder when 337551 is divided by 8?
7
Calculate the remainder when 260175 is divided by 86715.
30
What is the remainder when 91818 is divided by 45892?
34
Calculate the remainder when 360354 is divided by 120118.
0
Calculate the remainder when 356 is divided by 24.
20
What is the remainder when 83119 is divided by 823?
819
What is the remainder when 9644 is divided by 142?
130
What is the remainder when 1935863 is divided by 1002?
1001
What is the remainder when 16481 is divided by 26?
23
What is the remainder when 7197 is divided by 7189?
8
What is the remainder when 20900 is divided by 104?
100
Calculate the remainder when 26351 is divided by 33.
17
Calculate the remainder when 846 is divided by 450.
396
Calculate the remainder when 12351 is divided by 6155.
41
Calculate the remainder when 767 is divided by 252.
11
Calculate the remainder when 725470 is divided by 66.
64
What is the remainder when 9617 is divided by 205?
187
What is the remainder when 7536 is divided by 505?
466
What is the remainder when 5942 is divided by 171?
128
What is the remainder when 3428 is divided by 77?
40
Calculate the remainder when 70815 is divided by 5446.
17
What is the remainder when 27287 is divided by 781?
733
What is the remainder when 2234 is divided by 1117?
0
Calculate the remainder when 133 is divided by 104.
29
Calculate the remainder when 38722 is divided by 1949.
1691
Calculate the remainder when 19897 is divided by 158.
147
What is the remainder when 574854 is divided by 453?
450
Calculate the remainder when 92363 is divided by 71.
63
Calculate the remainder when 78808 is divided by 222.
220
Calculate the remainder when 155174 is divided by 7.
5
Calculate the remainder when 10956 is divided by 2191.
1
What is the remainder when 162651 is divided by 368?
363
What is the remainder when 681062 is divided by 24323?
18
Calculate the remainder when 48245 is divided by 16080.
5
What is the remainder when 57800 is divided by 188?
84
Calculate the remainder when 6546 is divided by 3.
0
What is the remainder when 3426 is divided by 127?
124
What is the remainder when 3093 is divided by 348?
309
Calculate the remainder when 909 is divided by 97.
36
What is the remainder when 5954 is divided by 619?
383
What is the remainder when 2824 is divided by 153?
70
What is the remainder when 1870 is divided by 91?
50
What is the remainder when 12631 is divided by 15?
1
Calculate the remainder when 14308 is divided by 1446.
1294
What is the remainder when 75258 is divided by 710?
708
Calculate the remainder when 47783 is divided by 703.
682
What is the remainder when 16050 is divided by 1783?
3
What is the remainder when 59 is divided by 56?
3
Calculate the remainder when 12995 is divided by 125.
120
What is the remainder when 5399 is divided by 27?
26
Calculate the remainder when 1594892 is divided by 32.
12
Calculate the remainder when 5596 is divided by 4343.
1253
Calculate the remainder when 120051 is divided by 17.
14
What is the remainder when 48054 is divided by 86?
66
Calculate the remainder when 11930 is divided by 650.
230
What is the remainder when 13336 is divided by 20?
16
What is the remainder when 7961 is divided by 146?
77
What is the remainder when 155978 is divided by 1026?
26
Calculate the remainder when 4831 is divided by 762.
259
What is the remainder when 108574 is divided by 411?
70
Calculate the remainder when 6283 is divided by 60.
43
Calculate the remainder when 9383 is divided by 617.
128
Calculate the remainder when 26259 is divided by 211.
95
What is the remainder when 454 is divided by 145?
19
What is the remainder when 2331645 is divided by 1104?
1101
Calculate the remainder when 12609 is divided by 64.
1
What is the remainder when 83150 is divided by 20782?
22
Calculate the remainder when 4604 is divided by 2289.
26
What is the remainder when 26600 is divided by 10?
0
Calculate the remainder when 38758 is divided by 57.
55
Calculate the remainder when 12724 is divided by 37.
33
Calculate the remainder when 22098 is divided by 3152.
34
Calculate the remainder when 3579 is divided by 73.
2
Calculate the remainder when 12057 is divided by 754.
747
What is the remainder 